In base 3, what is -111212011 - -1110?
-111210201
In base 8, what is 2625260 - -1?
2625261
In base 15, what is 3 - -3adc75?
3adc78
In base 2, what is 1111011101110011101010001 - -11?
1111011101110011101010100
In base 8, what is 2 + 274667400?
274667402
In base 6, what is -2134332 - 5530?
-2144302
In base 10, what is 571 + 7272?
7843
In base 14, what is 7c4 + -a828d?
-a78a9
In base 7, what is 44115 - 100?
44015
In base 12, what is 1798b - -b?
1799a
In base 7, what is 34 - 23550145?
-23550111
In base 5, what is -2203201 + -31043?
-2234244
In base 12, what is -1162 + 129b39?
128997
In base 7, what is 12424005 + 1?
12424006
In base 2, what is 1 + -1000111010000010100?
-1000111010000010011
In base 12, what is 2906421 + -5?
2906418
In base 15, what is -4 + 73d133?
73d12e
In base 14, what is -1a2987b + 5?
-1a29876
In base 4, what is -212 - 123323123313?
-123323130131
In base 7, what is -1 + 412053543?
412053542
In base 9, what is -347 + -11041740?
-11042187
In base 14, what is d721d + 5?
d7224
In base 16, what is -602479 + 6?
-602473
In base 14, what is 13 - 1c7d89?
-1c7d76
In base 9, what is -147 - 151450?
-151607
In base 12, what is 5 + 15669b1?
15669b6
In base 3, what is 220 + 12202111112200220?
12202111112201210
In base 3, what is 10100221000210 - -202?
10100221001112
In base 10, what is -10461 + 203?
-10258
In base 11, what is -75 - 26723?
-26798
In base 6, what is 3002154 - 5022?
2553132
In base 10, what is -2 + 6453793?
6453791
In base 8, what is 103517172 - -20?
103517212
In base 14, what is -20d - 2952?
-2b61
In base 14, what is 2c29859 + -4?
2c29855
In base 15, what is -a564ab - -c?
-a5649e
In base 14, what is d841 + 300?
db41
In base 6, what is -1 + 2142045053?
2142045052
In base 10, what is -5663 + -992?
-6655
In base 16, what is -14 + 34ae?
349a
In base 4, what is -122231 - -2133010?
2010113
In base 3, what is 12 + -11011102200011?
-11011102122222
In base 10, what is -1610339 - 1?
-1610340
In base 12, what is -1b14b - -1931?
-1941a
In base 2, what is 10 - 11101010110001010000111001?
-11101010110001010000110111
In base 8, what is -17345 - 55?
-17422
In base 5, what is -101233003 + 2424?
-101230024
In base 16, what is -1ad005c + 2?
-1ad005a
In base 5, what is 3204434220 + -1?
3204434214
In base 14, what is -b7c - bc0?
-195c
In base 8, what is 236662640 - -3?
236662643
In base 15, what is -566202 + 0?
-566202
In base 2, what is -1001100011010010001010111101 + -11?
-1001100011010010001011000000
In base 8, what is -437127 + -3073?
-442222
In base 6, what is -3 + 124024224?
124024221
In base 13, what is 316b8 - -aab?
32496
In base 11, what is -985 - -76147?
75272
In base 15, what is -30d1 + -55d?
-363e
In base 15, what is 3e38310 + -2?
3e3830d
In base 7, what is -513536 - 6115?
-522654
In base 2, what is 101 - 1101011001001010010110?
-1101011001001010010001
In base 8, what is 26235 - -2756?
31213
In base 6, what is 115 - -34540515?
34541034
In base 3, what is -1022111 - -20011021102?
20002221221
In base 5, what is -24423244 - 1?
-24423300
In base 15, what is b134 - 3a?
b0e9
In base 10, what is -3280 + 230472?
227192
In base 4, what is -3200020310110 - 11?
-3200020310121
In base 7, what is 0 + -2060431250?
-2060431250
In base 2, what is -110000101000101 - -100110101100?
-101011110011001
In base 5, what is 322043122040 + 2?
322043122042
In base 5, what is 20134 - 42134142?
-42114003
In base 13, what is -3109969 - 15?
-3109981
In base 11, what is -9236aa3 + -9?
-9237001
In base 11, what is -66 + 1332a2?
133237
In base 9, what is 27110374 + -3?
27110371
In base 3, what is -221020 - 1120001100020?
-1120002021110
In base 4, what is 31131222 - -1200?
31133022
In base 12, what is 3675 + 259a?
6053
In base 5, what is -1400013122 + -34?
-1400013211
In base 7, what is -5 - -312410055?
312410050
In base 16, what is 1e16 - 388?
1a8e
In base 13, what is -b80 - 11b4?
-2064
In base 12, what is -43ab9 + -1989?
-45886
In base 12, what is -423 + -b724?
-bb47
In base 9, what is -40388858 + -46?
-40400015
In base 4, what is 110012 + 331322?
1102000
In base 5, what is 411241221013 - 4?
411241221004
In base 6, what is 2044543 + 13?
2045000
In base 13, what is -46295 - 6a6?
-4696b
In base 6, what is -42434 - 1320?
-44154
In base 13, what is 5 + 211b340?
211b345
In base 5, what is -242 - -324433002?
324432210
In base 9, what is 20 + 44812?
44832
In base 13, what is c153b1a - -4?
c153b21
In base 9, what is -5 + -233334444?
-233334450
In base 6, what is 40 - 1515211531?
-1515211451
In base 8, what is 1215 - -131261?
132476
In base 3, what is -1 + 1002022112002011?
1002022112002010
In base 4, what is -22121222 + -331?
-22122213
In base 12, what is -5345160 + 16?
-5345146
In base 11, what is a + 8951240a?
89512419
In base 11, what is -89652a1 + -3?
-89652a4
In base 12, what is -194 + 3a507?
3a333
In base 14, what is 8b5 - -c06c5?
c119a
In base 2, what is 100000100100010 + 111011000101?
100111111100111
In base 8, what is 4 + -157476707?
-157476703
In base 4, what is -113 + 1201031301123?
1201031301010
In base 9, what is 715558 + -24?
715534
In base 16, what is -5 + -431aaf1?
-431aaf6
In base 4, what is 30 - -113020003303?
113020003333
In base 2, what is 101100110000110 - 10110011001?
101001111101101
In base 14, what is -a33 - -814?
-21d
In base 8, what is 4 + 43160760?
43160764
In base 5, what is -1243010304 - 24?
-1243010333
In base 12, what is -4a70120 + 6?
-4a70116
In base 6, what is 14 - 453555?
-453541
In base 13, what is -2 - -957667a?
9576678
In base 10, what is -3 - 81370154?
-81370157
In base 14, what is -15442ac - -b?
-15442a1
In base 13, what is -18a2a042 + 2?
-18a2a040
In base 12, what is 1b3065 + 3?
1b3068
In base 9, what is 333848226 + 0?
333848226
In base 5, what is 2013004 - 42122?
1420332
In base 16, what is -79 - 521?
-59a
In base 16, what is -4da6aef - -2?
-4da6aed
In base 12, what is -3 + 15037544?
15037541
In base 13, what is 3 - -502979?
50297c
In base 7, what is -14 - 1603263132?
-1603263146
In base 13, what is -19221 + 236?
-18cb8
In base 4, what is -2133221220 + -1000?
-2133222220
In base 6, what is -4243443220 - -3?
-4243443213
In base 7, what is -1 - 101446265?
-101446266
In base 11, what is 72333867 - -3?
7233386a
In base 10, what is 197670 - -143?
197813
In base 14, what is 74891 - -11a?
749ab
In base 15, what is -d + -1ea6eb?
-1ea709
In base 11, what is 373 + 805843?
806106
In base 11, what is -147 + 984066?
983a1a
In base 15, what is -a - -2804bea?
2804be0
In base 7, what is -25051 + 1511?
-23240
In base 11, what is -47716457 + 2?
-47716455
In base 3, what is 1 - 210020112121121?
-210020112121120
In base 10, what is 762 - -22640?
23402
In base 7, what is 4 + -5110615315?
-5110615311
In base 3, what is 121 - -10221110102201?
10221110110022
In base 16, what is -2eeddcd + -5?
-2eeddd2
In base 5, what is -132424 - -420?
-132004
In base 10, what is 4 + -281622?
-281618
In base 8, what is -100336 - -433?
-77703
In base 16, what is 5 - -37c452?
37c457
In base 7, what is 1101134253 + -1?
1101134252
In base 4, what is 11322132 + 3003212?
20332010
In base 5, what is 11123120340 + 11?
11123120401
In base 5, what is 10101303 - 214?
10101034
In base 11, what is -3 + 174049a?
1740497
In base 4, what is -2 - -11201313103?
11201313101
In base 16, what is -1 - 1ee5d5?
-1ee5d6
In base 11, what is -3203 - 54a86?
-58189
In base 14, what is 266c3bd - 3?
266c3ba
In base 10, what is 7750 + 195252?
203002
In base 11, what is -58 + 12761?
12704
In base 2, what is -10 - -1100011100010001001110?
1100011100010001001100
In base 3, what is -212121201210001 - -11?
-212121201202220
In base 10, what is 336 - -7466?
7802
In base 6, what is 34133153 + 2002?
34135155
In base 13, what is -b284 - -9bc?
-a595
In base 10, what is -224660 - 645?
-225305
In base 6, what is 504331 + -2010?
502321
In base 4, what is -301133123231 + 2?
-301133123223
In base 14, what is 5c91 - 16dd?
4592
In base 8, what is -1505426 - 2714?
-1510342
In base 5, what is -10 + 324301223324?
324301223314
In base 16, what is -35 - 64a5?
-64da
In base 6, what is -12 - -504514413?
504514401
In base 9, what is 12124 - 1815?
10208
In base 4, what is 211000 + 1003333?
1220333
In base 3, what is -1000 + -1000202021110221?
-1000202021111221
In base 13, what is -1191c3 - 9?
-1191cc
In base 4, what is -11 + 313231